the highest common divisor of 72 and q.
24
Let k(v) = v**3 - 12*v**2 - 13*v + 6. Let g be k(13). Suppose g*c - 9 = 5*c. Calculate the greatest common divisor of 21 and c.
3
Suppose -23*r = -20*r - 15. Let f be (-343)/(-35) - (-1)/r. Suppose -240 = 5*o - 8*o. What is the greatest common factor of f and o?
10
Let f be ((-14)/5)/((-6)/120). Calculate the greatest common factor of 32 and f.
8
Let b = -729 - -1539. Calculate the highest common divisor of 10 and b.
10
Suppose 5*u + 2*v - 2063 - 3085 = 0, 4*u - 4*v - 4124 = 0. What is the greatest common factor of 10 and u?
10
Suppose -3*f + 5*f = -698. Let c = -195 - f. Calculate the greatest common divisor of c and 22.
22
Let k(i) = -2*i + 83. Let c be k(10). What is the highest common divisor of 36 and c?
9
Suppose -53*p + 50*p + 99 = 0. Calculate the greatest common divisor of p and 330.
33
Let s(t) = 7*t + 2. Let f(v) = -v**2 - 7*v + 2. Suppose x + 3*x = -28. Let r be f(x). Let q be s(r). What is the highest common factor of q and 16?
16
Let f be (-74)/(-185)*(129 + 1). What is the greatest common factor of 26 and f?
26
Suppose -o + 2 = -5. Suppose -s - 23 + 172 = 3*g, 88 = 2*g - 5*s. What is the highest common factor of o and g?
7
Let i = -840 + 973. Suppose -3*o = 3*x - 15, 2*x + 0*x - 16 = o. What is the greatest common divisor of x and i?
7
Suppose -b - b + 372 = 0. Suppose 5*y - b = 3*y. Let z = 181 - y. Calculate the highest common divisor of z and 11.
11
Suppose 0 = 4*n + 4*i - 344, -7*n - 234 = -10*n + 3*i. What is the greatest common factor of 41 and n?
41
Suppose 0 = 3*n - 24 + 6. Suppose 4*u + a - n*a - 127 = 0, a - 1 = 0. Suppose 6*x + 6*x - 2772 = 0. What is the highest common divisor of x and u?
33
Suppose 0 = -4*o + 16 - 4, 0 = -j + 4*o - 3. What is the highest common factor of 207 and j?
9
Suppose -5*c - 30 = -6*c + 5*w, 5*w = 4*c - 150. What is the highest common divisor of c and 24?
8
Let t be ((-3)/30)/1 - 11444/(-40). What is the highest common factor of t and 26?
26
Let l = 169 + -150. Calculate the greatest common divisor of 1 and l.
1
Let u = 109 + -60. Suppose 3*f - u = 11. What is the greatest common divisor of 15 and f?
5
Let c = 931 + -865. Calculate the greatest common factor of 55 and c.
11
Let x(n) = -n**2 - n - 12. Let b be x(-7). Let i be 4/(-18) - (5 + 15348/b). Calculate the highest common divisor of i and 31.
31
Suppose -m = 3*w - 102, -3*m - 2*w + 266 = -3*w. Suppose 0 = -5*j - 5 + m. What is the greatest common factor of j and 85?
17
Let w(q) = -2*q**3 - 6*q**2. Let i be w(-3). Suppose i*a + 21 = 3*a. Let d(h) = h**2 + 7*h - 8. Let j be d(6). What is the highest common factor of a and j?
7
Let z be 15/(-9) + ((-496)/(-6) - -3). Calculate the greatest common factor of 196 and z.
28
Suppose -3*w = 2*u - 3*u + 128, 5*u - 700 = 3*w. Let v be (5 - 4)*u + 2. What is the greatest common factor of v and 29?
29
Suppose -3*i = -21 - 6. Let y(b) = -b**2 + 5*b. Let w be y(4). Suppose -7*x + 3*x = -3*r - 171, -w*r + 12 = 0. Calculate the greatest common divisor of i and x.
9
Let o(v) be the first derivative of -v**4/4 + 8*v**3/3 - 3*v**2 - 3*v - 1. Let t be o(7). Let r = 0 + 1. What is the highest common factor of r and t?
1
Let h = -55 + 299. Suppose -u = 5*i - h, -5*u = -u - 16. Calculate the greatest common factor of i and 12.
12
Let u(s) = -s**2 - 6*s + 4. Let o be u(-6). Suppose 186 = o*d - 38. What is the greatest common divisor of 14 and d?
14
Suppose 10 + 86 = 4*t. What is the greatest common divisor of 18 and t?
6
Let d = 16 - 14. Suppose -d*c = 13*c - 1215. Calculate the highest common divisor of c and 9.
9
Let y be ((-13)/(234/12))/((-1)/384). Calculate the greatest common divisor of 96 and y.
32
Suppose 3*v - 136 = -4*n + 4*v, 3*n + 4*v - 83 = 0. Suppose n - 99 = -3*q. What is the greatest common factor of q and 176?
22
Suppose -5*j + 4 = 4*n - 11, -23 = -2*j - 5*n. Let b be (j - -2)/(4/28). What is the greatest common divisor of 77 and b?
7
Let k(z) = -2*z**3 - 2*z**2 + 6*z - 6. Let l be k(-3). What is the highest common divisor of 444 and l?
12
Suppose 2*z - 67 = 15. Let f = z - 33. What is the greatest common factor of 64 and f?
8
Let l(r) = 15*r - 12. Let b be l(-9). Let i = b - -224. Let w = 14 + -3. What is the highest common divisor of w and i?
11
Let t(p) = -p - 1. Let y(j) = -2*j**2 - 14*j + 5. Let b(z) = 4*t(z) - y(z). Let h be b(-9). Calculate the highest common divisor of 7 and h.
7
Let h be 2*-1 - -2 - 1274/14. Let n = -85 - h. What is the greatest common divisor of 24 and n?
6
Suppose 89 = -3*u + 2*f + 635, 2*f = 5*u - 906. Let k = 926 + -854. What is the greatest common divisor of k and u?
36
Suppose -8*v + 55 = -73. Suppose 0 = -0*c + 6*c - 96. What is the greatest common divisor of c and v?
16
Let w be (380/7)/((-24)/(-336)). What is the highest common factor of w and 80?
40
Let s(a) = -2*a**2 - 34*a + 117. Let w be s(-18). Let j(d) = -20*d - 2 + 1 + 6*d. Let o be j(-2). Calculate the greatest common factor of w and o.
27
Let d(x) = -8*x + 2. Let u be d(-2). Let c = -528 + 555. Calculate the greatest common factor of u and c.
9
Let b = 106 - 24. Suppose -5*n = -t - 16 - b, 3*t - 29 = -2*n. Calculate the greatest common factor of n and 95.
19
Let d be 6/(-12) - (-23)/2. Let c = 50 - 17. What is the greatest common divisor of d and c?
11
Suppose 306 = 5*t - 3*w, 5*t - w + 2*w = 298. Suppose 45 = 5*j - t. Let y be (-138)/(-10) - (-1)/5. Calculate the greatest common factor of y and j.
7
Suppose -6*n = -3*n + 144. Let t = n + 80. What is the greatest common divisor of t and 352?
32
Let u be (2/(-6))/((14/4347)/(-2)). Calculate the greatest common factor of 23 and u.
23
Suppose g - 192 = -2*g. Let v be (-576)/30*25/10*-1. What is the greatest common divisor of g and v?
16
Let k(w) = 2*w**2 - 49*w + 377. Let r be k(23). What is the highest common divisor of r and 28?
28
Let a be 21/((-2 + 6)/88). Calculate the highest common divisor of 42 and a.
42
Suppose 45*z - 487 = 53. Let q = 26 + 22. What is the highest common factor of q and z?
12
Suppose 77 = 9*h - 4. Let z = -76 - -121. Suppose 0*v - v = -z. Calculate the highest common divisor of h and v.
9
Suppose 0 = -2*r - 8, -2*n + 83 = 2*r - 101. What is the greatest common factor of 1632 and n?
96
Suppose 0 = 11*f - 3*f - 56. Suppose -4*x - f = -m + 25, 4*m = -5*x + 23. Calculate the highest common divisor of 96 and m.
12
Let n(p) be the first derivative of 3*p**2/2 + 8*p - 7. Let k be n(3). What is the highest common factor of k and 85?
17
Let t be -1 + (0 - -2) + -4. Let o be t - 14/(0 + -2). Let c(f) = -f**3 + 9*f**2 + 13*f + 6. Let k be c(10). Calculate the greatest common divisor of o and k.
4
Suppose -2*s - 2*a + 90 = 0, -90 = -2*s + a + 2*a. Let k be 14/21 + 88/3. Calculate the greatest common divisor of s and k.
15
Suppose 265 - 79 = 3*u. Let d be 168/6 + (-3)/(-1). What is the highest common factor of d and u?
31
Let j be ((-4)/10)/((-4)/440). Suppose -2*o + 0*x = -4*x - j, 0 = 4*o + 5*x - 36. Let w be 6/o - (-144)/7. What is the highest common factor of 3 and w?
3
Let z be (-2 - -3)/(-1)*-4. Suppose -5*p = -4*k - 140, 84 = -2*p + z*p + 4*k. Calculate the highest common factor of 24 and p.
8
Let m be (-13 + 0)/(2/(-4)). Let c = 32 - m. Calculate the greatest common factor of 24 and c.
6
Suppose 0 = -5*o + 2*p - 8 + 23, -2*o - 4*p + 30 = 0. Suppose -c = -o*q + c + 454, q - 100 = 5*c. Calculate the highest common divisor of q and 9.
9
Let f(t) = t**3 + 3*t**2 - 21*t + 44. Let m be f(4). Let l(v) = v + 3. Let s be l(5). What is the highest common divisor of m and s?
8
Let b be (408/476)/(2/2926). What is the highest common factor of 33 and b?
33
Let z = -17 + 21. Let y(u) = -u**2 + 8*u + 4. Let m be y(8). Suppose -z*w + l + 160 = 0, m*w - 3*l - 2*l = 176. Calculate the highest common factor of 26 and w.
13
Suppose -12*k = 13*k - 500. Calculate the highest common factor of 15 and k.
5
Let f(n) = -n**3 + 11*n**2 - 8*n + 5. Let m be f(5). Calculate the greatest common divisor of m and 10.
5
Let l(w) = 3*w - 1. Let f be l(2). Suppose -35*d = -34*d - 1. Calculate the greatest common divisor of d and f.
1
Let i(b) = 11*b**2 + b. Let y be i(1). Let n be (0/16 + -7)*24/(-7). What is the greatest common divisor of y and n?
12
Suppose 0 = 4*g + g - 5*k + 5, k = 4. Suppose -110 = -g*u + u. What is th